hest common divisor of 5 and j.
5
Let u be 3*-1*(0 - 1). Suppose -4*a - 35 = 5*l - 2*l, u*l + 30 = -3*a. Let d = 10 + a. What is the greatest common factor of 1 and d?
1
Let j be (67 + 4)*(0 + 1). Suppose -5*y - j = -26. Let q be (-2)/(-6) + (-564)/y. What is the highest common divisor of 7 and q?
7
Let i be ((-18)/4)/(6/12). Let u = i - -20. Calculate the highest common divisor of u and 33.
11
Let q(m) = -8*m + 4. Let a = -4 + 2. Let c be q(a). Calculate the highest common divisor of 80 and c.
20
Suppose -4*f = 4*w - 1172, 5*w - 4*f - 1204 = w. Let v be 18/((-30)/(-5)) - -24. Calculate the highest common divisor of v and w.
27
Suppose -32 = -2*u - 14. Calculate the greatest common factor of 63 and u.
9
Suppose 220 = 3*i + 730. Let g be (-3)/18 + i/(-12). Calculate the highest common divisor of 2 and g.
2
Let m(f) = f + 5 - 2 - 2*f. Let h be m(0). Suppose -2*z + 51 = 2*z - h*y, 0 = -3*z - 4*y + 7. What is the greatest common divisor of z and 99?
9
Suppose 0*t - 32 = -2*q - 2*t, 4*t = 8. What is the highest common divisor of q and 126?
14
Let x(s) = 56*s**3 - 3*s**2 + s. Let k be x(1). Calculate the greatest common factor of k and 6.
6
Suppose -2*z + 3 = -21. Calculate the greatest common divisor of z and 24.
12
Let n = 378 + -210. What is the highest common divisor of 21 and n?
21
Let o(k) = 13*k**2 + 9*k - 12*k**2 + 2 - 1. Let g be o(-9). Calculate the greatest common divisor of g and 7.
1
Suppose 0 = -i - 4*k + 17, 2*k + 16 - 37 = -3*i. Suppose -4*u + 0*a + 63 = i*a, 0 = u + 5*a - 12. Calculate the highest common divisor of 85 and u.
17
Suppose -13 = -3*s + 5. Calculate the greatest common divisor of 30 and s.
6
Let m(b) = -b**2 - 11*b + 11. Let z be m(-7). Suppose -4*n = -3*v - 40, 4*n - 14 - 54 = -4*v. Calculate the highest common divisor of n and z.
13
Let l = -95 - -194. Let a(b) = b**2 - 2*b + 1. Let u be 15/(-10) + (-11)/(-2). Let y be a(u). Calculate the highest common divisor of l and y.
9
Let b be 154 + -3 + (2 - -1). What is the highest common factor of 22 and b?
22
Let b be 36/1 + 0/2. Let d(m) = 18*m**2 - m + 1. Suppose 4*q = 8 - 4. Let u be d(q). What is the highest common divisor of u and b?
18
Let z(k) = k + 1. Let g be z(5). Let v be g/4*(-264)/(-9). What is the highest common factor of 11 and v?
11
Suppose -4*y - 11 = 5, 4*n - 164 = 5*y. Suppose -n = 3*s - 84. Calculate the highest common factor of s and 24.
8
Let c be 0*(1 - (-9)/(-6)). Suppose c*j + 16 = j. Calculate the highest common divisor of 144 and j.
16
Let g be (-8)/(-2) + 4 + 1. Suppose 0 = f - g - 16. Calculate the greatest common divisor of 5 and f.
5
Suppose 6 + 10 = 4*g. Suppose 7*f - 40 = 2*f. Suppose 0 = -2*a + f, 0*a + 124 = 3*d + 4*a. What is the highest common divisor of g and d?
4
Let p = 70 - 66. Calculate the greatest common divisor of p and 2.
2
Suppose -3*a - 4*l - 1 + 4 = 0, -5*a - l = -22. Suppose 1 = 3*j - 4*c - 13, 0 = -j + a*c - 10. What is the highest common divisor of j and 40?
10
Suppose q + 6 = 2*q. Suppose 5*y + 72 = -o + 25, 4*y = -3*o - 31. Let d = 16 + y. What is the greatest common factor of d and q?
6
Let n = -47 + 159. What is the highest common divisor of 16 and n?
16
Suppose 0 = 4*z + z - 25. Suppose -z*k - 3*g + 54 = 0, -3*g = 5*k - 4*g - 62. What is the highest common factor of k and 48?
12
Suppose -2*w - d = -98, -4*w - 3*d = d - 192. What is the greatest common factor of 550 and w?
50
Suppose 4*m + m - 40 = 0. Let f(k) = -31*k - 5. Let y be f(-3). Calculate the highest common divisor of y and m.
8
Let p be (3/3)/(-1)*1. Let z be p + (15 - (-2 - 0)). Suppose 34*u + 2 = 35*u. What is the highest common divisor of u and z?
2
Let c(o) = -o**2 - 6*o - 13. Let g(b) = -3 - 2 - b**2 - 9 - 6*b. Let m(p) = -7*c(p) + 6*g(p). Let t be m(-5). What is the greatest common factor of 16 and t?
2
Suppose 12 + 258 = 5*m. Calculate the highest common factor of 9 and m.
9
Let i = 32 + 0. Let b be 0 + 2/1 + 14. Calculate the greatest common factor of i and b.
16
Let r = -5 - -9. Let s be (8/3)/((-2)/(-6)). Let g be (s/(-5))/(r/(-10)). What is the highest common factor of g and 6?
2
Suppose 5*c - 6 = v + 2, 0 = 5*v - 3*c - 48. Calculate the greatest common divisor of v and 84.
12
Let y be (-18)/(-4)*4/3. Suppose 0 = -3*o - 0 + y. Calculate the highest common divisor of o and 18.
2
Let o(w) = w**3 + 7*w**2 + 3*w - 8. Let j be o(-6). What is the highest common divisor of 110 and j?
10
Let y(i) = 3*i + 6. Let m be y(5). Suppose 3*p - 353 - 88 = 0. What is the highest common divisor of m and p?
21
Let h be 2*6/(-16)*-4. Let z be h/(3 + (-114)/39). Calculate the greatest common divisor of z and 13.
13
Suppose -7*t + 5 = -2*t. Let i = 3 - 1. What is the greatest common factor of i and t?
1
Let x be (-6)/(-12) - (-86)/4. What is the highest common factor of 2 and x?
2
Let n be 195/9 - 6/9. Let s(z) = z**2 - 8*z - 2. Let q be s(9). Calculate the highest common divisor of n and q.
7
Let u = -55 - -27. Let g = u + 42. Let i = g + 90. What is the highest common divisor of i and 13?
13
Let q(u) = -u**3 - 5*u**2 + 5*u - 5. Let c be q(-6). Calculate the greatest common divisor of 11 and c.
1
Let u be 0/(7 + -3 - 3) - -224. Calculate the highest common divisor of u and 14.
14
Let d be (-184)/(-18) + 4/(-18). Let q = -403 + 463. What is the highest common factor of d and q?
10
Let a = 8 + -14. Let w be a/21 + (-12)/7. Let m(j) = 2*j**2 - 3*j - 3. Let z be m(w). Calculate the greatest common divisor of 22 and z.
11
Let m(j) = -2*j**2 + 3. Let v be m(0). Suppose a - 14 = 10. What is the greatest common factor of a and v?
3
Let i = 39 - -126. Calculate the highest common divisor of 33 and i.
33
Let x(h) = 27*h**2 + h + 2. Let k be x(-1). What is the greatest common divisor of k and 42?
14
Suppose -15 = 5*n, 4*p + 0*n - 2*n - 86 = 0. Suppose u - 199 = -59. What is the greatest common factor of p and u?
20
Let b be (5/(-2))/((-4)/8). Let a = -10 - -15. Let n = b + a. What is the highest common factor of n and 10?
10
Let l be (3/(-2))/(3/6). Let k = l + 3. Suppose 3*o - 47 - 181 = k. What is the highest common factor of 19 and o?
19
Suppose 3*y + 22 = y. Let x be (-68)/y - 4/22. Calculate the highest common divisor of 9 and x.
3
Suppose t + 324 = -2*t. Let v be 4/14 + t/(-14). Calculate the highest common divisor of 24 and v.
8
Let w = 25 + -10. Suppose -5*k + 20 + 10 = 5*t, -3*k + w = 0. Let r be (t - -7)*(-150)/(-12). Calculate the highest common factor of r and 20.
20
Suppose 0 = -u + 6*u. Let k be (-70)/14*(u + -1). What is the highest common factor of 55 and k?
5
Suppose 0 = -3*i + 5*i - 5*v - 22, -i + 5*v + 16 = 0. Calculate the greatest common divisor of 54 and i.
6
Let s be 18*(-3 - 1)/(-2 - 4). What is the greatest common divisor of s and 132?
12
Let a be 4/(-7) - 151/(-7). What is the greatest common factor of a and 7?
7
Suppose 11*f = 13*f - 90. What is the greatest common factor of f and 9?
9
Suppose 83 + 61 = n. Calculate the greatest common divisor of n and 16.
16
Suppose 15 = 4*m - 3*m. Let u = -3 + m. Calculate the highest common divisor of 60 and u.
12
Suppose -4*s - 166 = -2*w + s, 2*w - 2*s - 160 = 0. What is the greatest common divisor of 195 and w?
39
Let g(v) = -22*v - 4. Let x be g(-2). Calculate the highest common factor of x and 5.
5
Suppose -5*p + 287 = 3*k, -5*k + 6*p = 2*p - 466. Suppose d - k = -q - 23, -375 = -5*q - d. What is the highest common divisor of 19 and q?
19
Let n(v) = 238*v**3 + v**2. Let z be n(-1). Let a be z/6 - 1/2. Let s = -28 - a. Calculate the greatest common factor of 132 and s.
12
Let c = -41 + 77. Let q be ((-18)/(-4))/(6/c). Calculate the highest common factor of 3 and q.
3
Let z = 7 - 17. Let a = z - -18. Suppose -5*k = 4*r - 23, a*r - 2*k = 4*r + 30. What is the greatest common factor of r and 7?
7
Suppose 0*q + 4*q - 24 = -n, 5*q = -3*n + 23. Suppose -4*k = 727 - 39. Let h = -123 - k. What is the greatest common factor of q and h?
7
Let b be (-5 + (-4)/4)*-24. Calculate the greatest common factor of 18 and b.
18
Let y = 6 + -21. Let d be (4/(-5))/(3/y). What is the greatest common factor of 8 and d?
4
Suppose -w - d - 135 = -2*d, 12 = 4*d. Let a be (w/(-7))/(4/28). Calculate the highest common factor of 12 and a.
12
Let i = 0 - -30. Let g be i/4 + (-3)/6. Suppose -3*h + 5 = 2*h. What is the highest common divisor